is 304790 (base 10) in base 15?
60495
What is -100021221220110 (base 3) in base 8?
-22657563
Convert 50752 (base 16) to base 8.
1203522
Convert -1131420 (base 8) to base 5.
-34323414
Convert -1034401213 (base 5) to base 11.
-1305a95
-9701769 (base 10) to base 3
-200020220022210
What is 1d59a (base 15) in base 14?
26c8a
-12124225 (base 6) to base 16
-5de39
44441113 (base 6) to base 11
837a54
-303511 (base 12) to base 10
-752413
Convert -15724a1 (base 14) to base 9.
-21664028
What is -481e3 (base 15) in base 9?
-380366
Convert -1ab5a (base 15) to base 11.
-5a352
Convert -4191057 (base 10) to base 15.
-57bbdc
-1610364 (base 7) to base 10
-221085
Convert -2172201 (base 9) to base 13.
-31c3cc
Convert -118810 (base 13) to base 11.
-266713
What is -633775 (base 16) in base 8?
-30633565
38b3 (base 14) to base 4
2123211
What is -a3025 (base 12) in base 6?
-4320045
130b1b9 (base 12) to base 14
6d939b
Convert -5240528 (base 12) to base 6.
-1312243252
Convert 72e33 (base 15) to base 8.
1307443
Convert -4303808 (base 9) to base 16.
-232eda
-9350 (base 12) to base 4
-3322230
Convert -196644 (base 10) to base 3.
-100222202010
-323132 (base 6) to base 11
-19004
-755860 (base 10) to base 15
-ede5a
What is -1fb810 (base 16) in base 14?
-3c17b2
Convert 393313a (base 11) to base 8.
31771076
What is -cb715 (base 13) in base 3?
-200200221100
-11431452 (base 8) to base 15
-346b7b
Convert 3424313 (base 5) to base 15.
13208
What is -140c92 (base 13) in base 14?
-c9a28
What is 212333333 (base 4) in base 7?
1233503
What is -8a608f (base 16) in base 6?
-522212355
Convert a1629a (base 12) to base 13.
6a2c31
-51651 (base 7) to base 11
-9586
41a02 (base 15) to base 4
302303333
Convert 52b7 (base 12) to base 6.
105551
20b1b5 (base 12) to base 10
516953
Convert 1638803 (base 11) to base 10.
2793409
-229935 (base 11) to base 14
-96b90
Convert -13130556 (base 7) to base 11.
-750194
What is -20212020100 (base 3) in base 9?
-225210
699ab6 (base 12) to base 10
1696746
-110101100010000111100 (base 2) to base 13
-495594
What is 1930671 (base 10) in base 14?
383851
-5abbb (base 12) to base 11
-841a4
1174768 (base 13) to base 9
11152444
7b657b (base 13) to base 4
23022223313
What is -348207 (base 10) in base 5?
-42120312
What is 11112001000 (base 3) in base 6?
1523513
-144762 (base 11) to base 6
-4501342
Convert -1101111111001000 (base 2) to base 4.
-31333020
618840 (base 9) to base 3
200122221100
What is 571492 (base 12) in base 16?
153c6e
Convert -213130310 (base 5) to base 16.
-de7e2
What is -106312540 (base 7) in base 4?
-120320320330
51024 (base 8) to base 11
14872
What is -15004 (base 12) in base 14?
-a9c8
What is a05462 (base 13) in base 15?
4d8916
Convert -881020 (base 10) to base 2.
-11010111000101111100
1973696 (base 10) to base 2
111100001110111000000
Convert 122311303 (base 4) to base 11.
75665
What is -43579d (base 16) in base 11?
-2544899
-18230b (base 12) to base 7
-3362315
1010110221120 (base 3) to base 9
1113846
-35b67 (base 12) to base 15
-16741
Convert -44ac64 (base 16) to base 2.
-10001001010110001100100
What is 361183 (base 11) in base 15?
b4997
What is 10d515 (base 15) in base 10?
804395
What is -8772a2 (base 11) in base 13?
-3a064b
What is -3566121 (base 7) in base 5?
-104003020
What is -1079570 (base 13) in base 10?
-5047445
14322330 (base 8) to base 5
1313102324
-ea7688 (base 15) to base 4
-222211033223
-2b01b5 (base 14) to base 7
-15511015
10277a6 (base 13) to base 16
4ac715
What is 37577 (base 10) in base 4?
21023021
What is 10011001000001001 (base 2) in base 10?
78345
-2a69437 (base 11) to base 15
-6dbb06
What is -200033313 (base 4) in base 9?
-221163
Convert -671146 (base 9) to base 16.
-61eb1
-33a7a9a (base 11) to base 13
-13065cb
14105551 (base 6) to base 15
95dd7
25152131 (base 9) to base 13
2723110
What is 32578544 (base 9) in base 4?
330013132012
What is 10101133211 (base 4) in base 13?
302b76
What is 281b89 (base 13) in base 7?
11201163
1ec3a4 (base 16) to base 3
10210102122202
What is -1000123022 (base 4) in base 7?
-2146223
149d67 (base 16) to base 9
2478217
-13154216 (base 7) to base 14
-235b0d
What is 30bacd (base 16) in base 11?
18913a7
What is 102011013 (base 5) in base 10?
422633
Convert -3161325 (base 8) to base 16.
-ce2d5
What is -150569 (base 14) in base 10?
-730977
6612040 (base 8) to base 16
1b1420
116443464 (base 7) to base 9
14775850
What is 721025 (base 10) in base 8?
2600201
Convert -7872b (base 14) to base 16.
-475b3
Convert -235322120 (base 6) to base 14.
-840c80
2706044 (base 9) to base 10
1480639
Convert -145b3c (base 13) to base 6.
-14403320
143011540 (base 7) to base 5
4402234222
Convert 13673634 (base 9) to base 3.
110202110201011
Convert -4ac4a (base 15) to base 6.
-5042324
What is 175833 (base 10) in base 13?
62058
What is 1d2117 (base 14) in base 16?
fe9f9
-5269aa (base 11) to base 15
-119edc
3451d8 (base 14) to base 2
110110010110111111010
Convert 2011023333 (base 4) to base 11.
342961
What is -426606 (base 13) in base 9?
-2832100
Convert -10211633 (base 7) to base 6.
-30234255
-11120120 (base 3) to base 11
-2563
-3452444 (base 6) to base 4
-223133230
Convert -304216214 (base 7) to base 9.
-36444332
-2177531 (base 8) to base 14
-114c65
7902b (base 15) to base 11
243110
Convert -10137 (base 9) to base 14.
-260c
What is -10a8b8 (base 14) in base 3?
-1001210202210
What is -1222122122 (base 3) in base 8?
-114311
Convert -13673615 (base 8) to base 11.
-1835208
What is 8c27aa (base 13) in base 2?
1100101010010000001001
What is -d020 (base 15) in base 2?
-1010101110000001
-1134446 (base 8) to base 15
-61ab2
-aec61c (base 16) to base 15
-1013b8a
Convert -e8223 (base 15) to base 5.
-142024413
What is 24312334 (base 5) in base 8?
677346
Convert 185a6b2 (base 12) to base 14.
96a138
-1300322331 (base 4) to base 5
-104300100
-129752 (base 10) to base 2
-11111101011011000
-bd9a0 (base 14) to base 8
-1602570
532311140 (base 6) to base 11
5310416
What is 183824 (base 12) in base 9?
711551
Convert 430747 (base 8) to base 13.
50622
What is 67044a (base 15) in base 9?
10215387
Convert -42052013 (base 6) to base 3.
-2021222111100
What is -223003120 (base 5) in base 8?
-3603321
106317 (base 16) to base 3
2000120011200
Convert -2230130302 (base 4) to base 16.
-ac732
Convert -1221003312 (base 4) to base 7.
-3441411
Convert 5605b (base 13) to base 14.
40c35
-11654466 (base 9) to base 10
-5704809
-3a613 (base 14) to base 8
-431011
44213 (base 13) to base 5
12422021
What is 111203124 (base 5) in base 8?
1677037
What is 34034011 (base 6) in base 4?
3323300113
Convert 4e47e6 (base 16) to base 12.
1874a5a
-175656 (base 9) to base 12
-53206
Convert -6805901 (base 10) to base 13.
-1543a7b
Convert -10000100110110 (base 2) to base 8.
-20466
What is -6700c3 (base 15) in base 16?
-4aeed8
632443 (base 8) to base 13
748b1
401430 (base 8) to base 12
64388
Convert 415111 (base 8) to base 3.
21000000202
What is 377115 (base 10) in base 15?
76b10
303902 (base 13) to base 2
100010001111011001001
108177 (base 10) to base 9
174346
79832 (base 11) to base 4
130030031
348331 (base 10) to base 8
1250253
Convert 54649 (base 11) to base 14.
20c8c
4085a24 (base 11) to base 4
123200203333
23010313120 (base 4) to base 15
3c5477
400e4 (base 16) to base 11
16a140
210123210 (base 4) to base 16
246e4
123001231100 (base 4) to base 2
11011000001101101010000
Convert -100332203 (base 5) to base 14.
-a67d0
12620250 (base 8) to base 15
3ac6c3
What is -21531045 (base 7) in base 8?
-7051535
-1110201100111 (base 3) to base 14
-164c6c
Convert 10221220112020 (base 3) to base 16.
201bd6
-12012001202102 (base 3) to base 16
-2a1124
What is 1000122000122211 (base 3) in base 15?
1450c34
Convert 406704 (base 10) to base 14.
a8304
Convert 2139a0 (base 11) to base 10.
341935
What is 650741 (base 12) in base 9?
3004604
What is -4a87aa (base 12) in base 13?
-338305
What is 1312423 (base 8) in base 2?
1011001010100010011
10012010110212 (base 3) to base 10
1695272
Convert -1961af (base 16) to base 8.
-6260657
What is 2112023342 (base 5) in base 7?
52316142
-24c2c (base 15) to base 7
-666354
5b279b (base 14) to base 10
3118693
What is -4a966b (base 12) in base 10?
-1219187
What is -2239a (base 12) in base 3?
-2022101101
Convert b0da0 (base 14) to base 6.
13040452
Convert 10021021020212 (base 3) to